{"id":22,"date":"2026-07-02T21:31:54","date_gmt":"2026-07-03T00:31:54","guid":{"rendered":"http:\/\/localhost:8888\/MP\/?page_id=22"},"modified":"2026-09-01T19:45:31","modified_gmt":"2026-09-01T22:45:31","slug":"nosotros","status":"publish","type":"page","link":"https:\/\/monumentopatagonia.com\/en\/nosotros\/","title":{"rendered":"About Us"},"content":{"rendered":"<p class=\"wp-block-paragraph\">En el a\u00f1o 1918, don Antonio Haro, junto a su familia, funda el Fundo Santa Elena,<br>ubicado en el sector de Cerro Galera, en la Regi\u00f3n de Ays\u00e9n, Patagonia chilena. Desde sus<br>inicios, el fundo se desarroll\u00f3 en torno a la ganader\u00eda, actividad que sostuvo por<br>generaciones.<br>Con el tiempo, su hijo, Gerardo Haro, toma las riendas del campo, incorporando una mirada<br>m\u00e1s consciente y respetuosa con el entorno, integrando el valor de los bosques y el cuidado<br>integral de los animales como parte esencial del trabajo en la tierra.<br>Este legado fue traspasado a sus herederos, especialmente a su hija Alicia Haro, quien<br>contin\u00faa hasta hoy con este compromiso, proyect\u00e1ndolo hacia nuevas formas de<br>conservaci\u00f3n y conciencia ambiental.<br>Don Gerardo mantuvo esta visi\u00f3n hasta su fallecimiento en el a\u00f1o 2016, dejando como<br>herencia no solo un campo, sino una profunda cultura de respeto por la naturaleza.<br>Corre el a\u00f1o 2018 y, tras 100 a\u00f1os de historia, el proyecto familiar da un nuevo giro. Alicia<br>Haro Mardones, licenciada en Trabajo Social, operadora tur\u00edstica y mujer campesina,<br>asume la administraci\u00f3n del fundo y, en honor a su padre, lo rebautiza como Fundo Don<br>Gerardo.<br>Desde su formaci\u00f3n social y su experiencia en turismo, Alicia impulsa una nueva etapa,<br>manteniendo la tradici\u00f3n ganadera, pero incorporando una l\u00ednea productiva innovadora: el<br>turismo con prop\u00f3sito.<br>R\u00e1pidamente gana reconocimiento entre ganaderos y operadores tur\u00edsticos de la regi\u00f3n,<br>demostrando \u2014a trav\u00e9s de la creatividad y el trabajo colaborativo\u2014 que la ganader\u00eda y el<br>turismo no solo pueden coexistir, sino potenciarse mutuamente. Especialmente, posiciona el<br>turismo como una herramienta clave para promover la reforestaci\u00f3n y la conciencia<br>ambiental.<br>As\u00ed, desde Cerro Galera \u2014territorio remoto entre pampas y laderas de la comuna de<br>Coyhaique, en la Regi\u00f3n de Ays\u00e9n\u2014 nace una propuesta que conecta cultura, naturaleza y<br>acci\u00f3n clim\u00e1tica, proyectando a la Patagonia como punto de partida para restaurar el<br>planeta.<\/p>\n\n\n\n<h3 class=\"wp-block-heading\">Equipo<\/h3>","protected":false},"excerpt":{"rendered":"<p>En el a\u00f1o 1918, don Antonio Haro, junto a su familia, funda el Fundo Santa Elena,ubicado en el sector de Cerro Galera, en la Regi\u00f3n de Ays\u00e9n, Patagonia chilena. Desde susinicios, el fundo se desarroll\u00f3 en torno a la ganader\u00eda, actividad que sostuvo porgeneraciones.Con el tiempo, su hijo, Gerardo Haro, toma las riendas del campo, [&hellip;]<\/p>\n","protected":false},"author":1,"featured_media":0,"parent":0,"menu_order":0,"comment_status":"closed","ping_status":"closed","template":"","meta":{"footnotes":""},"class_list":["post-22","page","type-page","status-publish","hentry"],"_links":{"self":[{"href":"https:\/\/monumentopatagonia.com\/en\/wp-json\/wp\/v2\/pages\/22","targetHints":{"allow":["GET"]}}],"collection":[{"href":"https:\/\/monumentopatagonia.com\/en\/wp-json\/wp\/v2\/pages"}],"about":[{"href":"https:\/\/monumentopatagonia.com\/en\/wp-json\/wp\/v2\/types\/page"}],"author":[{"embeddable":true,"href":"https:\/\/monumentopatagonia.com\/en\/wp-json\/wp\/v2\/users\/1"}],"replies":[{"embeddable":true,"href":"https:\/\/monumentopatagonia.com\/en\/wp-json\/wp\/v2\/comments?post=22"}],"version-history":[{"count":4,"href":"https:\/\/monumentopatagonia.com\/en\/wp-json\/wp\/v2\/pages\/22\/revisions"}],"predecessor-version":[{"id":1764,"href":"https:\/\/monumentopatagonia.com\/en\/wp-json\/wp\/v2\/pages\/22\/revisions\/1764"}],"wp:attachment":[{"href":"https:\/\/monumentopatagonia.com\/en\/wp-json\/wp\/v2\/media?parent=22"}],"curies":[{"name":"wp","href":"https:\/\/api.w.org\/{rel}","templated":true}]}}

<p class="wp-block-paragraph">En el año 1918, don Antonio Haro, junto a su familia, funda el Fundo Santa Elena,<br>ubicado en el sector de Cerro Galera, en la Región de Aysén, Patagonia chilena. Desde sus<br>inicios, el fundo se desarrolló en torno a la ganadería, actividad que sostuvo por<br>generaciones.<br>Con el tiempo, su hijo, Gerardo Haro, toma las riendas del campo, incorporando una mirada<br>más consciente y respetuosa con el entorno, integrando el valor de los bosques y el cuidado<br>integral de los animales como parte esencial del trabajo en la tierra.<br>Este legado fue traspasado a sus herederos, especialmente a su hija Alicia Haro, quien<br>continúa hasta hoy con este compromiso, proyectándolo hacia nuevas formas de<br>conservación y conciencia ambiental.<br>Don Gerardo mantuvo esta visión hasta su fallecimiento en el año 2016, dejando como<br>herencia no solo un campo, sino una profunda cultura de respeto por la naturaleza.<br>Corre el año 2018 y, tras 100 años de historia, el proyecto familiar da un nuevo giro. Alicia<br>Haro Mardones, licenciada en Trabajo Social, operadora turística y mujer campesina,<br>asume la administración del fundo y, en honor a su padre, lo rebautiza como Fundo Don<br>Gerardo.<br>Desde su formación social y su experiencia en turismo, Alicia impulsa una nueva etapa,<br>manteniendo la tradición ganadera, pero incorporando una línea productiva innovadora: el<br>turismo con propósito.<br>Rápidamente gana reconocimiento entre ganaderos y operadores turísticos de la región,<br>demostrando —a través de la creatividad y el trabajo colaborativo— que la ganadería y el<br>turismo no solo pueden coexistir, sino potenciarse mutuamente. Especialmente, posiciona el<br>turismo como una herramienta clave para promover la reforestación y la conciencia<br>ambiental.<br>Así, desde Cerro Galera —territorio remoto entre pampas y laderas de la comuna de<br>Coyhaique, en la Región de Aysén— nace una propuesta que conecta cultura, naturaleza y<br>acción climática, proyectando a la Patagonia como punto de partida para restaurar el<br>planeta.</p>



<h3 class="wp-block-heading">Equipo</h3>

<p>En el año 1918, don Antonio Haro, junto a su familia, funda el Fundo Santa Elena,ubicado en el sector de Cerro Galera, en la Región de Aysén, Patagonia chilena. Desde susinicios, el fundo se desarrolló en torno a la ganadería, actividad que sostuvo porgeneraciones.Con el tiempo, su hijo, Gerardo Haro, toma las riendas del campo, [&hellip;]</p>
